t is the remainder when 5569343 is divided by 32?
31
What is the remainder when 294367594 is divided by 14?
10
Calculate the remainder when 52068373 is divided by 31.
29
Calculate the remainder when 359451 is divided by 12.
3
Calculate the remainder when 253981 is divided by 3028.
2657
What is the remainder when 12011666 is divided by 158048?
18
Calculate the remainder when 454605 is divided by 16.
13
Calculate the remainder when 176797 is divided by 1164.
1033
What is the remainder when 17959595 is divided by 6790?
45
What is the remainder when 11891044 is divided by 14901?
46
What is the remainder when 900688 is divided by 20946?
10
Calculate the remainder when 482587 is divided by 632.
371
What is the remainder when 5766309 is divided by 577?
348
What is the remainder when 1544637 is divided by 55?
17
Calculate the remainder when 145756987 is divided by 1282.
1279
What is the remainder when 70676 is divided by 70545?
131
What is the remainder when 179213 is divided by 2488?
77
Calculate the remainder when 133516788 is divided by 762953.
13
Calculate the remainder when 934096 is divided by 33.
31
Calculate the remainder when 2381761 is divided by 25.
11
Calculate the remainder when 37393 is divided by 801.
547
Calculate the remainder when 20206 is divided by 6705.
91
What is the remainder when 491002 is divided by 1867?
1848
Calculate the remainder when 1495894 is divided by 94.
72
Calculate the remainder when 146580228 is divided by 57.
54
What is the remainder when 4458 is divided by 3433?
1025
What is the remainder when 2553702 is divided by 22?
8
Calculate the remainder when 4573400 is divided by 11.
7
Calculate the remainder when 166301852 is divided by 166301831.
21
What is the remainder when 3280155 is divided by 11350?
5
What is the remainder when 376476 is divided by 41823?
69
What is the remainder when 344042 is divided by 3598?
2232
What is the remainder when 162359605 is divided by 1301?
9
Calculate the remainder when 43300 is divided by 647.
598
Calculate the remainder when 391343 is divided by 7578.
4865
What is the remainder when 232078 is divided by 3179?
11
Calculate the remainder when 946648 is divided by 232.
88
What is the remainder when 9993318 is divided by 11743?
25
Calculate the remainder when 72317 is divided by 294.
287
What is the remainder when 18592550 is divided by 978555?
5
What is the remainder when 14949492 is divided by 238?
236
Calculate the remainder when 15816034 is divided by 257.
254
What is the remainder when 7480831 is divided by 354?
103
What is the remainder when 6552563 is divided by 22?
17
Calculate the remainder when 2671470 is divided by 6484.
62
What is the remainder when 24538 is divided by 1981?
766
Calculate the remainder when 57173025 is divided by 431.
13
What is the remainder when 363222 is divided by 53?
13
Calculate the remainder when 1079231 is divided by 292.
291
What is the remainder when 14399263 is divided by 1199935?
43
Calculate the remainder when 1058512 is divided by 91.
0
What is the remainder when 157529 is divided by 288?
281
What is the remainder when 23515 is divided by 1219?
354
Calculate the remainder when 488830 is divided by 419.
276
What is the remainder when 23258913 is divided by 1368163?
142
Calculate the remainder when 933708 is divided by 46.
0
What is the remainder when 313777 is divided by 980?
177
Calculate the remainder when 916958 is divided by 865.
58
Calculate the remainder when 137797 is divided by 41.
37
What is the remainder when 513474 is divided by 513456?
18
What is the remainder when 1672521 is divided by 20648?
33
What is the remainder when 123308892 is divided by 45908?
4
What is the remainder when 6679584 is divided by 27948?
12
Calculate the remainder when 527603 is divided by 527599.
4
Calculate the remainder when 28639 is divided by 28584.
55
What is the remainder when 7475265 is divided by 1644?
1641
Calculate the remainder when 62204275 is divided by 30.
25
What is the remainder when 41024 is divided by 40511?
513
Calculate the remainder when 1045816 is divided by 80365.
1071
What is the remainder when 84083 is divided by 49?
48
Calculate the remainder when 6164387 is divided by 4496.
371
Calculate the remainder when 58254 is divided by 2028.
1470
Calculate the remainder when 60823 is divided by 2027.
13
What is the remainder when 9295 is divided by 1859?
0
Calculate the remainder when 12223594 is divided by 66.
64
What is the remainder when 620100 is divided by 1000?
100
What is the remainder when 185679 is divided by 7141?
13
Calculate the remainder when 548869 is divided by 171.
130
Calculate the remainder when 13166769 is divided by 421.
415
What is the remainder when 54983 is divided by 13572?
695
What is the remainder when 1034760 is divided by 15?
0
What is the remainder when 758321 is divided by 37911?
101
Calculate the remainder when 611984 is divided by 272.
256
Calculate the remainder when 664942 is divided by 7312.
6862
Calculate the remainder when 535831 is divided by 221.
127
Calculate the remainder when 11354902 is divided by 177.
175
What is the remainder when 796141 is divided by 265172?
625
Calculate the remainder when 155013 is divided by 22003.
992
What is the remainder when 30448524 is divided by 7612074?
228
Calculate the remainder when 4274760 is divided by 420.
0
Calculate the remainder when 125222 is divided by 1912.
942
What is the remainder when 29351496 is divided by 1391?
5
Calculate the remainder when 2056776 is divided by 114.
102
What is the remainder when 249406712 is divided by 49?
44
What is the remainder when 172063 is divided by 650?
463
What is the remainder when 9739722 is divided by 63?
48
What is the remainder when 4302356 is divided by 30?
26
What is the remainder when 14286969 is divided by 7143394?
181
Calculate the remainder when 17090 is divided by 16799.
291
Calculate the remainder when 25554062 is divided by 18371.
1
What is the remainder when 12631673 is divided by 178?
81
What is the remainder when 1190999 is divided by 3425?
2524
Calculate the remainder when 589242 is divided by 98185.
132
Calculate the remainder when 6129315 is divided by 1240.
1235
Calculate the remainder when 2008730 is divided by 1753.
1545
Calculate the remainder when 111273 is divided by 1030.
33
Calculate the remainder when 2068450 is divided by 104.
98
Calculate the remainder when 147337 is divided by 141226.
6111
What is the remainder when 4379709 is divided by 17660?
29
What is the remainder when 28123784 is divided by 66?
62
Calculate the remainder when 1519112 is divided by 151908.
32
What is the remainder when 539467 is divided by 269730?
7
Calculate the remainder when 656274 is divided by 375.
24
What is the remainder when 11898799 is divided by 8?
7
Calculate the remainder when 164750 is divided by 1330.
1160
Calculate the remainder when 610398 is divided by 528.
30
Calculate the remainder when 1550998 is divided by 300.
298
What is the remainder when 3747566301 is divided by 32?
29
Calculate the remainder when 23334463 is divided by 83.
9
Calculate the remainder when 273302 is divided by 236.
14
What is the remainder when 152591 is divided by 152407?
184
What is the remainder when 41584 is divided by 236?
48
Calculate the remainder when 487739 is divided by 6591.
5
What is the remainder when 504089 is divided by 125989?
133
What is the remainder when 379407 is divided by 1006?
145
What is the remainder when 368738 is divided by 92148?
146
Calculate the remainder when 514870 is divided by 6276.
238
Calculate the remainder when 17137438 is divided by 23.
0
What is the remainder when 6215610 is divided by 436?
430
Calculate the remainder when 80867518 is divided by 2752.
2750
Calculate the remainder when 17332262 is divided by 4.
2
What is the remainder when 152067566 is divided by 2924376?
14
Calculate the remainder when 170257692 is divided by 87.
84
What is the remainder when 2383538 is divided by 100?
38
What is the remainder when 649962 is divided by 8552?
10
What is the remainder when 1278398 is divided by 5654?
594
Calculate the remainder when 45555 is divided by 45235.
320
Calculate the remainder when 4843 is divided by 4729.
114
Calculate the remainder when 3012789 is divided by 1003921.
1026
Calcu